(3 - (-1 + -2))) - -65?
52
What is the value of (-15 + -11 + 29 - (-2 + (0 - -3))) + 35?
37
Evaluate (-2 - ((4 - 11) + -3)) + 108 - (83 - 70).
103
42 + -132 + 92 + -50
-48
What is the value of 2 + (4 - -57) + (-28 - 59) + 71?
47
Calculate (118 - 82) + -47 - (3 + -2 + (1 - 95)).
82
Calculate -8 + -1 + (1 - -97) + 347 + -384.
52
Calculate (-420 - -407) + 0 + (1 + 54 - 4) + 1.
39
What is -19 + (9 - 13) + 59 - 8?
28
What is -61 + 43 + (15 - 14) + 88?
71
What is the value of (126 - 204) + 83 + 1 + 2 + -1 + 66?
73
What is (-8 - -5) + -2 + (0 - -3) - (-570 - -569)?
-1
Calculate (2 - 3) + 58 + (10 - (-15 - (-47 + 13))).
48
Evaluate 15 + -7 + 30 + (13 - 25).
26
Calculate (146 - 239) + (83 - 18).
-28
Calculate -25 + (-898 - -914) + (1 - 8).
-16
What is the value of 0 - -30 - (97 + -64 + -24) - 2?
19
What is 30 + (20 - (35 + -23) - -9)?
47
Evaluate -6 - -1 - (18 - (14 + (-7 - 5)) - -7).
-28
What is the value of -56 - (30 - (57 - 18))?
-47
Calculate -8 + 0 + (7 - 14) + (8 - (-6 - -74)).
-75
What is the value of 39 + (-26 - -15 - -14) + 4 + -2 + 8?
52
What is 83 + 8 - (-1004 + 1099)?
-4
-23 + (-19 + 5 - (1 - 6)) + 7 + 2
-23
Calculate 85 + (-158 - (-103 - -31)).
-1
Calculate 1 + 13 + (6 - 59).
-39
What is the value of 4 - -83 - (11 - (-139 - -121))?
58
What is 2 - (-6 - -3 - -71) - (-3 + -19 + 23)?
-67
What is 23 + (6 - (36 - 23)) - (9 - -8)?
-1
0 - -8 - (16 + -8 + (5 - 22))
17
What is 8 - (255 + -195 - (-1 + (-3 - -1)))?
-55
What is -11 - (8 - (7 + -10)) - (9 - 0)?
-31
Calculate 172 + (18 - 199) - ((2 - 0) + -22) - 97.
-86
Evaluate -17 - (-66 - -49) - (-12 - -42 - (0 + 4)).
-26
63 + (50 - -22 - 129)
6
51 - (253 + -239 + -3 + 8)
32
What is the value of -8 - (-17 + 1 + -18 + 8)?
18
(-15 - -79 - 67) + (38 + (-2 - 0) - 3)
30
Calculate 27 + (11 - (-28 + 22)) + -14.
30
Evaluate (-17 - -21 - -12) + (11 - (11 - 11)).
27
Evaluate 98 - (70 + 67) - (1 - 3 - -9).
-46
Calculate (35 - 0) + (-97 + 328 - 193).
73
What is the value of (-2 - -1) + -22 + 39 + 28?
44
Calculate 16 - ((-14 - (-10 - -1)) + 20 + -43 + 4).
40
-11 + (1 - -86) + (404 - 417)
63
What is 126 + (-221 - (-51 + -78))?
34
-44 + 71 - (-65 - -44)
48
(-1 - (-2 + -2) - 4) + (46 - -3)
48
What is the value of -38 + (-6 - (13 + -8)) + 15 + (-12 - -1)?
-45
What is the value of -33 + (47 - 1) + -9 + -5?
-1
What is the value of 17 + -30 + -7 + 50 + 29?
59
Calculate -16 + 7 + 114 + (4 - (9 + -19)) + -16.
103
Evaluate 60 - (-33 + 81 + 1).
11
What is the value of -2644 + 2676 + -4 + 0?
28
What is -12 + -36 + 4 + 59 + 34 + 1?
50
What is the value of -135 - (-111 + (34 - -5))?
-63
What is 36 - (18 + 3 + 38)?
-23
Calculate -209 - -216 - (105 - ((0 - 4) + (-68 - -66))).
-104
Evaluate 16 - 9 - -4 - (0 + -8 + -11).
30
Evaluate 483 - 511 - (4 + -81).
49
What is (7 - 164) + 381 + -298?
-74
Evaluate -6 + 0 - (15 + (-8 - -19) + -13).
-19
What is -43 - (18 - -33 - 87)?
-7
63 + 4 + (-1068 - -1019)
18
Calculate 3 - (16 + (-2 + (4 - -2) - 31)).
14
What is -78 - ((5 - (12 - 8 - 7)) + -21 + 11)?
-76
-66 + (-11 - 2 - -16 - 7)
-70
Calculate (-1 - -16) + (-68 - -78) + -12.
13
Evaluate 8 + (-110 - (-222 + 87)).
33
What is the value of (49 - (45 - -55)) + -53?
-104
What is the value of -82 - -85 - (2 + -42)?
43
Calculate -39 + 36 + 32 + 19.
48
Evaluate (99 + -25 - 14) + (1 - -10 - (1 + 1)).
69
Evaluate (11 - 17) + 11 + 5 + 33.
43
Evaluate -103 + (-27 - -103) + (83 - 3).
53
What is the value of 2 - 8 - -48 - (42 - 2)?
2
18 + -1 + 1 - (859 - 936)
95
(-31 - (-8 + 16)) + 3 + 7 - -7
-22
Calculate -29 + (-4 + (14 - (-4 - -4)) - 1).
-20
Evaluate -20 + -564 + 547 + 7 + -4 + -7.
-41
Evaluate -3 + 49 - (70 - 61).
37
What is (-66 + 54 - (-43 + -2)) + -53?
-20
What is the value of -7 - (-3 - 22 - (9 + -13))?
14
What is the value of -1 + 9 + -64 + (-9 - (-8 + 6))?
-63
What is the value of (-237 - (163 + -382)) + (0 - -1 - (0 - 0))?
-17
(21 - 40 - (-64 - 14)) + (17 - 0)
76
Calculate (-16 - 1) + 1087 + -1058.
12
What is the value of (62 - 15) + -112 + 48?
-17
What is 12 - (-1 - (-49 + 5) - (7 + -4))?
-28
Evaluate 101 + (27 - (56 + -32)) - 15.
89
Evaluate -4 + 2 + 10 + -11 + -23.
-26
What is the value of -94 + 24 + 3 - (-8 - -19)?
-78
44 - (-13 - (-5 + -4 - -10 - (2 + 5)))
51
Calculate (-58 + 55 + -25 - -45) + -89 + 0.
-72
-112 + (127 - 5) + (1 - (0 - 0)) + 12
23
Calculate -25 + 6 + 14 - (-48 - -14 - 4).
33
What is the value of -8 - 7 - (-4 + 71) - -10 - (-12 + -1)?
-59
What is the value of -5 + -1 + 4 + 0 - (-8 - 30)?
36
What is the value of 71 + -26 + 19 + -100?
-36
What is -80 + 193 - 2 - 118?
-7
Calculate 7 + -9 - (66 + (14 - (21 + 6))).
-55
What is the value of -47 + (3 + (9 + -5 - (0 - -7)) - -3)?
-44
Evaluate 44 + -5 + -37 + 7 - -46.
55
Calculate -1 + -102 - -23 - (-17 - 0).
-63
What is (62 - 19) + (-52 - 16)?
-25
2 - -30 - (717 + -700) - -83
98
Evaluate 66 + 101 - (-4 + 110).
61
1 + -41 - (23 + -21 + 8 + -10)
-40
What is -74 - -93 - 37 - -7?
-11
(36 - 1) + 913 + -902
46
What is the value of 5 + -2 + 15 + (-18 - -27)?
27
What is (33 - 95) + 19 - (11 + -4)?
-50
(-145 - (0 - 40)) + 1 + 37
-67
Evaluate -30 - -15 - (-1 + 70 - (-16 + 20)).
-80
What is (-6 - 23) + 111 + -93?
-11
What is the value of (-11 - -70) + 61 + -119 - (-1 - 0 - -66)?
-64
What is -52 + -180 + 222 + (0 - 73 - 1)?
-84
What is the value of 18 + 6 + (59 - 29 - 11)?
43
Calculate -111 + -25 + (46 + 9 - 31).
-112
Evaluate -4 + (22 + -18 - -3) + 37.
40
What is the value of -10 - (0 - 2) - (65 + 34 + -14 + -6)?
-87
(16 - 253) + 26 + 58
-153
Calculate 124 + -101 - (5 + 11 + -3).
10
Calculate 16 - (3 + (73 - 93) - (-18 + 0)).
15
1 + 16 - (-14 + 106 - 71)
-4
What is -2 + (5 - 2 - -3) + (-38 - (-8 + 1))?
-27
Evaluate -9 - (-7 - -9 - 52 - -4 - (-7 + 11)).
41
Calculate 366 - 355 - (13 + -4).
2
What is 13 + (0 - 8 - -1) + -26 + 3?
-17
-72 - (-37 - 22) - -58
45
What is -47 + 56 + (0 - -1 - 51 - -2)?
-39
What is -32 + -77 + 110 + 27?
28
What is the value of 14 - (24 - (-16 + -57))?
-83
(-18 - -30) + -23 - (19 + 1 + -1)
-30
Evaluate -62 - (-1 + 1) - (-20 - ((23 - 14) + -25)).
-58
-1 - -23 - (-25 + -13 - -45)
15
What is 13 + -26 + -11 + -11 + 10 + 0?
-25
Calculate -19 + (13 - -4 - 3) + -8 - (-7 + -108).
102
What is the value of (1 - 1) + 108 + -38190 + 38151?
69
(-29 - 0) + 28 - (-1 + -4 + 5)
-1
What is the value of 43 + (-26 - -8) + -15 + -19?
-9
17 + 2 + 44 + 16 + -45 + -14
20
What is (-20 - 3) + (-14 - (43 + -29 + (-16 - -3)))?
-38
Evaluate -47 + -4 + 5 + -4 + (-13 - 19) + 43.
-39
Calculate 14 - 9 - (-491 + 430).
66
What is the value of -383 + 391 + (-50 - -2)?
-40
What is the value of -6 - -12 - (0 - 0) - (1530 - 1560)?
36
Calculate (-53 - (-81 - -54)) + 52.
26
Evaluate 3 + -37 + -6 + -2 - 10 - (-2 - 3).
-47
Evaluate 29 - 2 - (-1623 - -1553).
97
What is 86 + -90 + 37 - (6 - 0)?
27
-29 - (2 - (-2 + 1 + -6 - -11))
-27
What is 2 + -17 - (2 + -81 - -58)?
6
What is 12 + (-34 + 28 + -4 - (5 + -11)) + -36?
-28
Evaluate -23 + -31 + 67 - 32.
-19
What is the value of (-5 - -8) + 2 + 7 + (-27 - -38)?
23
-12 - (-20 + (-11 + 7 - -28))
-16
Calculate -42 - 27 - (-2 - 36).
-31
What is -55 - (18 - (-16 + (-7 - -16 - -14)))?
-66
What is the value of (-475 + 479 - (0 - 5)) + 15?
24
What is the value of (-24 - -3 - -3 - -30) + -36 + -1?
-25
Calculate -12 - (-15 + 0 + (20 - (14 - 5))).
-8
Evaluate -1 - ((-2 - 1) + (23 - 24) + -9) - 20.
-8
Calculate 33 - (-13 - (-22 - (-22 - -36)) - 16).
26
Calculate 13 - (-38 + -9 - 40 - (-1 - 15)).
84
Evaluate 0 + -3 - (-1 + 10 + (-7 + -69 - 18)).
82
What is 17 + -52 + -59 - (-2 + 3 - (-4 + 2))?
-97
What is (6 - 0) + (0 - (2 + -2)) - (-4522 - -4550)?
-22
2 + 0 + 3 + (-59 - -78 - -38)
62
(153 - 83) + -83 - -36
23
Calculate -105 + 321 + -34 + -80.
102
What is ((-1 - -7) + -17 - (-5 - -3)) + 10?
1
What is -20 + ((-2 - -3) + -3 - 0 - (-26 - -16))?
-12
What is (13 - (11 - (-2 + 10 + 3) - -43)) + 5?
-25
What is the value of -14 + (81 - 75) + (2 - (-6 - 0))?
0
Evaluate (-1 - 14) + (28 - (17 + -23)).
19
Calculate (109 - 71) + -95 + (1 - 28).
-84
Evaluate -8 + 0 - ((-33 - -39) + 5 + -2).
-17
Calculate 45 - (96 + -55) - (-3 - -1 - -14).
-8
Calculate (-1 - 1) + (90 - 87) - (0 + 48).
-47
Calculate 21 - (40 + (-74 - -16)).
39
Calculate 1338 + -1305 + (87 - 1) + -31.
88
(-24 - 59) + (1 - (0 + (1 - 1)))
-82
Evaluate 88 - ((-112 - -109) + (2 - -26)).
63
Calculate 36 + 17 - (-5 + (-2 - -23)).
37